In base 13, what is -16 + 34?
1b
In base 5, what is 3032 + 4?
3041
In base 12, what is 22a - -2?
230
In base 7, what is -24 - 134?
-161
In base 12, what is -2 - 628?
-62a
In base 10, what is -10 - 2?
-12
In base 2, what is -11001010 + 101?
-11000101
In base 14, what is -46 + 19?
-2b
In base 8, what is 4 + 4042?
4046
In base 3, what is 0 + -11220122?
-11220122
In base 3, what is -2 - 200?
-202
In base 15, what is 3 + -115?
-112
In base 11, what is 6 - 27?
-21
In base 11, what is -11 - -209?
1a8
In base 15, what is -13 + -20?
-33
In base 14, what is 5c + -2?
5a
In base 14, what is -1249 + 2?
-1247
In base 13, what is 2 - -59?
5b
In base 6, what is 110 - -5?
115
In base 15, what is -2 + -50e?
-511
In base 4, what is -10101 - -11?
-10030
In base 3, what is -21 - 0?
-21
In base 5, what is 1 + -11102?
-11101
In base 9, what is -1 + -130?
-131
In base 5, what is -14010 + 12?
-13443
In base 6, what is -1 + 14?
13
In base 15, what is 5 + 5e?
64
In base 11, what is -10 + 16?
6
In base 6, what is -102 + -2020?
-2122
In base 3, what is 1000 + -1?
222
In base 14, what is 4 - -245?
249
In base 15, what is -12 + -22?
-34
In base 12, what is -22 - 0?
-22
In base 15, what is -257 + -3?
-25a
In base 11, what is 2 - 66a?
-668
In base 7, what is -2226 + -11?
-2240
In base 5, what is -2311 - -10?
-2301
In base 15, what is -5 + -27?
-2c
In base 9, what is -2 - 1305?
-1307
In base 10, what is -9 - -62?
53
In base 6, what is -23 - -10?
-13
In base 2, what is -1 - -100101?
100100
In base 8, what is 2 + 1352?
1354
In base 11, what is -8010 + 4?
-8007
In base 3, what is 0 - -102002210?
102002210
In base 6, what is -534 + -121?
-1055
In base 2, what is 1000 + -1100001111?
-1100000111
In base 2, what is -1101 - -11110?
10001
In base 14, what is -44c + -5?
-453
In base 8, what is -7 + -2?
-11
In base 12, what is -5 - 98?
-a1
In base 3, what is 2120 + -110112?
-100222
In base 11, what is 3925 + 5?
392a
In base 2, what is -110011010110110 + -101?
-110011010111011
In base 13, what is 4 - 358?
-354
In base 10, what is -2362 - 1?
-2363
In base 6, what is -12 + -1524?
-1540
In base 10, what is 5 - 245?
-240
In base 5, what is 2341 - -4?
2400
In base 8, what is -1 - -1100?
1077
In base 15, what is -9 - c?
-16
In base 8, what is -1256 - 20?
-1276
In base 4, what is -3232 + -3?
-3301
In base 6, what is -250 - -5?
-241
In base 3, what is -11 + -1220011?
-1220022
In base 2, what is -101010 + -110?
-110000
In base 16, what is 20 - 70?
-50
In base 10, what is 13 + 7?
20
In base 5, what is -124012 + 0?
-124012
In base 16, what is 7 - 1e6?
-1df
In base 9, what is 1041 - -5?
1046
In base 7, what is -14650 - -5?
-14642
In base 13, what is -18a + 2?
-188
In base 16, what is -70 + -4?
-74
In base 14, what is -13b4 + -3?
-13b7
In base 5, what is 10 - -412?
422
In base 12, what is -56 + -11?
-67
In base 13, what is 8 + 30?
38
In base 11, what is 998 - -3?
9a0
In base 6, what is 5 - 11552?
-11543
In base 5, what is -32214 - 3?
-32222
In base 3, what is 201 + 121?
1022
In base 4, what is 112001 - -2?
112003
In base 11, what is -260 + 0?
-260
In base 5, what is -2001114 - -10?
-2001104
In base 9, what is -54 - 0?
-54
In base 5, what is 0 + -243?
-243
In base 11, what is 4 - -306?
30a
In base 4, what is -10 + -330?
-1000
In base 13, what is -2a2 - -5?
-29a
In base 16, what is 1c68 + -7?
1c61
In base 9, what is -4317 - -4?
-4313
In base 13, what is c4 + 5?
c9
In base 14, what is 7 + -1a?
-13
In base 3, what is 10 + 11021?
11101
In base 9, what is -342 - -3?
-338
In base 9, what is 116 + -3?
113
In base 11, what is 0 - 180?
-180
In base 16, what is 743 - -2?
745
In base 6, what is -2 - 1200?
-1202
In base 3, what is -11202200 - 12?
-11202212
In base 8, what is 1173 + 1?
1174
In base 11, what is 12 + -18?
-6
In base 12, what is 1b + 1b3?
212
In base 6, what is -5 - 235?
-244
In base 14, what is -2 - 37?
-39
In base 2, what is 0 - 11111101?
-11111101
In base 5, what is -3203 - 0?
-3203
In base 15, what is 5 - 4d4?
-4ce
In base 16, what is -122 + 4?
-11e
In base 9, what is -2 - 62?
-64
In base 12, what is 26 + -3?
23
In base 11, what is -6 + -44?
-4a
In base 7, what is -5 - 1263?
-1301
In base 13, what is 28 + -1?
27
In base 12, what is 90 + 13?
a3
In base 12, what is 6 - -4?
a
In base 7, what is -4302 + 3?
-4266
In base 7, what is -4 - 440?
-444
In base 2, what is -1 - -1110111?
1110110
In base 7, what is 643 + 265?
1241
In base 2, what is 101 - 1011001111101?
-1011001111000
In base 7, what is 162 - 26?
133
In base 8, what is 11 - 135?
-124
In base 16, what is 17 - -9?
20
In base 6, what is 14122 - -2?
14124
In base 9, what is -13088 + -5?
-13104
In base 5, what is -23 + 2244?
2221
In base 12, what is -5 - 2a?
-33
In base 11, what is 3 + -2285?
-2282
In base 3, what is 221102 - 20?
221012
In base 8, what is -2142 - -6?
-2134
In base 8, what is 732 - -1?
733
In base 10, what is 28 - -3?
31
In base 7, what is 5552 + 5?
5560
In base 15, what is 72b - -a?
736
In base 5, what is -1 + 103013?
103012
In base 7, what is 2316 + -4?
2312
In base 16, what is 0 - 14?
-14
In base 11, what is 13 - 2a2?
-28a
In base 7, what is 62 - -145?
240
In base 3, what is -22121 + -1021?
-100212
In base 2, what is 1 - 100001?
-100000
In base 2, what is 1101111 - 0?
1101111
In base 2, what is -1100110 + 101?
-1100001
In base 12, what is 190 + -4?
188
In base 16, what is 2 - -26?
28
In base 4, what is -10231 + 0?
-10231
In base 10, what is 17 + 11?
28
In base 9, what is 37 + 16?
54
In base 15, what is -7 + 14?
c
In base 13, what is 0 - -4?
4
In base 4, what is -110 + -21?
-131
In base 5, what is -2 + 30?
23
In base 8, what is 2 - 262?
-260
In base 3, what is -22012121 - -11?
-22012110
In base 16, what is -2 - -2d?
2b
In base 14, what is 37 + 4?
3b
In base 3, what is -11 + 222022?
222011
In base 10, what is -4 - -883?
879
In base 16, what is 22 - b?
17
In base 9, what is 73 - 0?
73
In base 7, what is -234 - -16?
-215
In base 2, what is -1101 + 100100?
10111
In base 4, what is 2 + 232110?
232112
In base 7, what is -133 - -4?
-126
In base 16, what is 0 - 58?
-58
In base 9, what is -34 - -77?
43
In base 3, what is 2 + 110?
112
In base 8, what is 4002 + -5?
3775
In base 16, what is 4 - d0?
-cc
In base 10, what is -678 + 3?
-675
In base 10, what is 62 + -8?
54
In base 8, what is -1236 - 1?
-1237
In base 3, what is 1021 + 1001?
2022
In base 16, what is -8e + -5?
-93
In base 7, what is -22 - -10?
-12
In base 4, what is -10 + 103333?
103323
In base 2, what is -100111 - -110001?
1010
In base 11, what is 1 + 80?
81
In base 8, what is 344 - -6?
352
In base 16, what is -4ec + -5?
-4f1
In base 12, what is 7 - -49?
54
In base 3, what is 20210 + 102?
21012
In base 10, what is -2547 - -2?
-2545
In base 15, what is -2 + -94?
-96
In base 7, what is -11 - -24?
13
In base 3, what is -1212 - 12?
-2001
In base 3, what is -11 - -122110?
122022
In base 8, what is 1032 + 1?
1033
In base 13, what is 13 + -8?
8
In base 2, what is 1 - -110100?
110101
In base 5, what is 13 - 100?
-32
In base 13, what is -471 + 9?
-465
In base 4, what is -3 - 212320?
-212323
In base 16, what is 45 + b?
50
In base 15, what is -2ad - -1?
-2ac
In base 12, what is -17a + -11?
-18b
In base 16, what is -4 - -4e?
4a
In base 8, what is 6 + 1742?
1750
In base 8, what is -206 + -2?
-210
In base 14, what is -3 + -26?
-29
In base 16, what is -f - e?
-1d
In base 14, what is 2 + 207?
209
In base 9, what is 56 - 4?
52
In base 13, what is 29c6 + -5?
29c1
In base 7, what is 32012 + 3?
32015
In base 13, what is -32 + b8?
86
In base 5, what is 13103 + -2?
13101
In base 14, what is 1 - -20d?
210
In base 10, what is 1 - -650?
651
In base 12, what is -14 - 12?
-26
In base 5, what is -200 - -33?
-112
In base 9, what is 3 + 400?
403
In base 10, what is 11507 + 4?
11511
In base 6, what is 11203 - 1?
11202
In base 14, what is 0 + 41?
41
In base 2, what is -100001101 - 0?
-100001101
In base 3, what is -110 + -102?
-212
In base 10, what is 84 + 8?
92
In base 7, what is 21241 + 2?
21243
In base 10, what is 62 - 6?
56
In base 14, what is 0 - 14c8?
-14c8
In base 13, what is -12 - -6?
-9
In base 9, what is -56 - 17?
-74
In base 4, what is -2 + -3?
-11
In base 14, what is -5 + -aa9?
-ab0
In base 4, what is 2 - -22332?
23000
In base 15, what is -5 - -34?
2e
In base 10, what is -11 + -7?
-18
In base 9, wha